lse
Is 4028255783 a multiple of 44?
False
Is 189 a factor of 1981723599?
False
Does 152 divide 53080376?
True
Is 31 a factor of 13350026?
True
Is 46631442 a multiple of 782?
True
Is 42 a factor of 90220237?
False
Is 2266321491 a multiple of 49?
True
Is 68 a factor of 30803932?
True
Is 13 a factor of 1143642?
False
Is 17975055 a multiple of 193?
True
Is 60 a factor of 3339293700?
True
Does 23 divide 440790399?
False
Does 81 divide 16249329?
True
Does 20 divide 73434413?
False
Is 9335 a factor of 2777713265?
True
Is 98 a factor of 3794869240?
False
Does 26 divide 170613092?
True
Is 23 a factor of 6914436?
False
Does 5838 divide 4407167250?
False
Is 167 a factor of 204742?
True
Is 453660485 a multiple of 26?
False
Does 244 divide 105104708?
True
Does 20 divide 437222720?
True
Does 14 divide 3835449?
False
Does 1411 divide 25813843?
False
Is 868 a factor of 63453404?
True
Is 17065264 a multiple of 587?
True
Is 457 a factor of 3866865456?
False
Is 742191781 a multiple of 1061?
True
Is 52 a factor of 118155?
False
Does 2835 divide 61449294?
False
Does 63 divide 15863841?
True
Does 37 divide 444579472?
False
Is 77308131 a multiple of 129?
False
Is 344 a factor of 2258642080?
True
Is 84867 a multiple of 17?
False
Is 878 a factor of 381212674?
True
Does 55 divide 162170241?
False
Does 461 divide 27793441?
False
Is 976 a factor of 30214589?
False
Is 393 a factor of 20622344?
False
Is 2960607596 a multiple of 1316?
False
Does 152 divide 38803016?
True
Is 810754483 a multiple of 11?
True
Is 602 a factor of 118427801?
False
Is 1561924102 a multiple of 18?
False
Is 396162717 a multiple of 409?
True
Does 197 divide 2929799?
False
Is 69135166 a multiple of 3?
False
Is 366802898 a multiple of 994?
True
Is 50 a factor of 4307760289?
False
Is 118713538 a multiple of 2159?
False
Is 5076918058 a multiple of 1305?
False
Is 56129211 a multiple of 549?
True
Does 309 divide 2253192?
False
Does 113 divide 764143058?
False
Is 70 a factor of 98419806?
False
Is 635 a factor of 176390300?
True
Is 42835293 a multiple of 2336?
False
Is 17 a factor of 1318852724?
True
Is 4014 a factor of 157926816?
True
Is 7 a factor of 283371407?
False
Does 163 divide 1346827109?
True
Does 27 divide 648076260?
False
Is 62 a factor of 1617394?
True
Is 92 a factor of 278278472?
True
Does 47 divide 250929001?
False
Does 546 divide 121971460?
False
Is 3441 a factor of 407620860?
True
Is 5481294611 a multiple of 23?
True
Is 63395946 a multiple of 801?
True
Is 76 a factor of 959114072?
True
Does 14 divide 156401154?
True
Is 347 a factor of 28202100?
False
Is 173154105 a multiple of 9?
True
Is 352408743 a multiple of 25?
False
Does 2564 divide 207114792?
True
Is 5336 a factor of 139442160?
False
Does 1342 divide 1083699202?
False
Is 1277 a factor of 108268830?
False
Is 39 a factor of 69200568?
False
Is 202443323 a multiple of 221?
False
Is 10 a factor of 17985956?
False
Does 3415 divide 695001696?
False
Does 5605 divide 4630707685?
False
Is 175380514 a multiple of 8?
False
Is 5710203 a multiple of 8?
False
Does 69 divide 274394538?
False
Is 83052439 a multiple of 7?
False
Is 57334138 a multiple of 125?
False
Is 1892 a factor of 49188216?
True
Does 9067 divide 1407397874?
True
Does 160 divide 8755040?
True
Is 18 a factor of 476739036?
True
Is 69 a factor of 401187321?
True
Is 6313045 a multiple of 2?
False
Is 220334649 a multiple of 13?
False
Does 2815 divide 127206985?
False
Does 1017 divide 159100497?
True
Is 12783345 a multiple of 15?
True
Does 7135 divide 1671038405?
True
Does 16 divide 2774345819?
False
Does 122 divide 34550593?
False
Is 1570 a factor of 87673510?
True
Does 19 divide 277753549?
False
Is 4021201277 a multiple of 2935?
False
Is 425514504 a multiple of 24?
True
Does 342 divide 4103658?
True
Is 442289640 a multiple of 39?
True
Is 485 a factor of 52288182?
False
Is 1087262 a multiple of 451?
False
Is 4 a factor of 5517252?
True
Does 350 divide 8907500?
True
Is 158 a factor of 87273728?
False
Is 1078 a factor of 2477857382?
True
Is 2627 a factor of 4212425184?
False
Does 1986 divide 321822505?
False
Is 2035698636 a multiple of 505?
False
Is 193960215 a multiple of 45?
True
Does 33 divide 7648080?
True
Is 13 a factor of 499190081?
True
Is 44 a factor of 56935472?
True
Is 7928200 a multiple of 40?
True
Is 61313568 a multiple of 96?
True
Does 2905 divide 688381169?
False
Does 2230 divide 158401360?
True
Is 9 a factor of 18141525?
True
Is 661770739 a multiple of 1568?
False
Does 66 divide 12584154?
True
Is 7687623 a multiple of 41?
True
Does 1212 divide 12610860?
True
Does 246 divide 4174620?
True
Does 99 divide 595643895?
True
Is 1550 a factor of 347942235?
False
Is 87 a factor of 3900471?
True
Is 3 a factor of 9027531?
True
Does 50 divide 20466535?
False
Is 3808373 a multiple of 37?
True
Is 61 a factor of 579503599?
True
Is 64615713 a multiple of 20?
False
Does 2188 divide 37115044?
True
Is 75551356 a multiple of 15?
False
Is 111897679 a multiple of 11?
False
Is 3878 a factor of 2651836075?
False
Does 7794 divide 2217331792?
False
Does 18 divide 116291996?
False
Is 346 a factor of 112852315?
False
Is 113272726 a multiple of 72?
False
Does 28 divide 10269384?
False
Is 4 a factor of 7380051?
False
Is 2300796594 a multiple of 866?
True
Does 206 divide 972103700?
True
Is 1134 a factor of 100581264?
True
Does 1304 divide 243210344?
True
Is 276481512 a multiple of 57?
False
Is 48 a factor of 68642688?
True
Is 3584343 a multiple of 287?
True
Is 13 a factor of 250729316?
False
Is 14 a factor of 3165849943?
False
Is 78551472 a multiple of 53?
False
Is 165695010 a multiple of 177?
True
Does 969 divide 18597824?
False
Does 1391 divide 5761522?
True
Is 619753061 a multiple of 1349?
False
Does 12 divide 8690276?
False
Does 3 divide 407272743?
True
Does 359 divide 197063716?
True
Does 432 divide 2339362080?
True
Is 343549500 a multiple of 70?
True
Is 13712424 a multiple of 2?
True
Does 43 divide 70328975?
False
Does 531 divide 2257812?
True
Is 5 a factor of 146690390?
True
Does 101 divide 1696204?
False
Does 175 divide 620378500?
True
Is 11 a factor of 15602178?
False
Is 72597465 a multiple of 177?
False
Is 13 a factor of 27026103?
True
Does 32 divide 1042496?
True
Is 1116 a factor of 623069913?
False
Does 291 divide 250164023?
False
Is 2763128 a multiple of 23?
True
Does 259 divide 46522568?
False
Does 11 divide 41643547?
True
Is 5818747 a multiple of 11?
True
Does 52 divide 804629332?
True
Is 42 a factor of 2608143426?
True
Does 5147 divide 918312299?
True
Is 420 a factor of 1175005860?
True
Is 5122714165 a multiple of 6585?
False
Is 86857848 a multiple of 616?
True
Does 10 divide 1127887868?
False
Is 99 a factor of 27676242?
True
Is 4351116 a multiple of 132?
True
Does 56 divide 63150899?
False
Does 839 divide 268389239?
False
Does 40 divide 1601848558?
False
Does 13 divide 552763913?
True
Is 44 a factor of 68809312?
True
Does 239 divide 15146561?
False
Is 25683433 a multiple of 11?
False
Does 24 divide 888723864?
True
Is 780250160 a multiple of 1426?
True
Does 6 divide 131056552?
False
Is 939 a factor of 315704507?
False
Is 1816996600 a multiple of 3800?
True
Is 150 a factor of 1273547100?
True
Is 26 a factor of 3104545332?
False
Is 476037194 a multiple of 778?
True
Does 34 divide 2908997418?
False
Is 2033802975 a multiple of 3037?
True
Is 72 a factor of 707143850?
False
Does 3520 divide 506077440?
True
Is 46 a factor of 7698008?
True
Does 31 divide 1410669074?
True
Is 150 a factor of 61134000?
True
Is 193809653 a multiple of 1075?
False
Is 57632261 a multiple of 67?
True
Does 22 divide 1970671004?
False
Does 30 divide 79253776?
False
Is 25385302 a multiple of 29?
False
Does 48 divide 286270786?
False
Is 50 a factor of 312253515?
False
Is 25934939 a multiple of 2318?
False
Is 396 a factor of 238459436?
False
Does 163 divide 9089058?
False
Does 94 divide 18447218?
True
Is 9 a factor of 199520714?
False
Is 1470 a factor of 644050944?
False
Does 3444 divide 1420339897?
False
Is 44 a factor of 3634174456?
True
Is 48329040 a multiple of 790?
True
Is 2037 a factor of 216259261?
False
Is 1104 a factor of 1421064384?
True
Is 329 a factor of 93805871?
False
Is 164 a factor of 59641552?
True
Does 253 divide 155684630?
False
Does 626 divide 118091144?
True
Is 899433988 a multiple of 25?
False
Is 26196